{"id":226,"date":"2018-02-17T09:45:51","date_gmt":"2018-02-17T09:45:51","guid":{"rendered":"http:\/\/www.fogaszatikeszulek.hu\/?page_id=226"},"modified":"2020-11-18T13:39:58","modified_gmt":"2020-11-18T13:39:58","slug":"autoklav","status":"publish","type":"page","link":"https:\/\/www.fogaszatikeszulek.hu\/index.php\/autoklav\/","title":{"rendered":"Autokl\u00e1vok"},"content":{"rendered":"<h5>Higi\u00e9niai rendszerek a magas szint\u0171 biztons\u00e1g \u00e9rdek\u00e9ben<\/h5>\n<p style=\"text-align: justify;\">A rendel\u0151 higi\u00e9ni\u00e1ja rendk\u00edv\u00fcl fontos &#8211; \u00e9s egyre ink\u00e1bb odafigyelnek r\u00e1. Gondoskodjon az \u00d6n, a rendel\u0151i csapat \u00e9s a p\u00e1ciensek teljesk\u00f6r\u0171 v\u00e9delm\u00e9r\u0151l a magas szint\u0171 higi\u00e9niai biztons\u00e1g \u00e9s az \u00e1tfog\u00f3 dokument\u00e1ci\u00f3s lehet\u0151s\u00e9gek seg\u00edts\u00e9g\u00e9vel. A DentsplySirona higi\u00e9niai megold\u00e1sai fog\u00e1szati \u200b\u200beszk\u00f6z\u00f6k tiszt\u00edt\u00e1s\u00e1ra, gondoz\u00e1s\u00e1ra, fert\u0151tlen\u00edt\u00e9s\u00e9re \u00e9s steriliz\u00e1l\u00e1s\u00e1ra alkalmasak.&nbsp;<\/p>\n<table>\n<tbody>\n<tr>\n<td style=\"text-align: top;\" width=\"260\"><img loading=\"lazy\" decoding=\"async\" class=\"alignnone size-full wp-image-2158\" src=\"https:\/\/www.fogaszatikeszulek.hu\/wp-content\/uploads\/2020\/11\/dac-universal-s.jpg\" alt=\"\" width=\"570\" height=\"321\" srcset=\"https:\/\/www.fogaszatikeszulek.hu\/wp-content\/uploads\/2020\/11\/dac-universal-s.jpg 570w, https:\/\/www.fogaszatikeszulek.hu\/wp-content\/uploads\/2020\/11\/dac-universal-s-300x169.jpg 300w, https:\/\/www.fogaszatikeszulek.hu\/wp-content\/uploads\/2020\/11\/dac-universal-s-230x130.jpg 230w, https:\/\/www.fogaszatikeszulek.hu\/wp-content\/uploads\/2020\/11\/dac-universal-s-350x197.jpg 350w, https:\/\/www.fogaszatikeszulek.hu\/wp-content\/uploads\/2020\/11\/dac-universal-s-480x270.jpg 480w\" sizes=\"auto, (max-width: 570px) 100vw, 570px\" \/><\/td>\n<td width=\"10\">&nbsp;<\/td>\n<td style=\"text-align: top;\" width=\"260\"><img loading=\"lazy\" decoding=\"async\" class=\"alignnone size-full wp-image-1237\" src=\"https:\/\/www.fogaszatikeszulek.hu\/wp-content\/uploads\/2018\/03\/1512121793649.png\" alt=\"\" width=\"1200\" height=\"674\" srcset=\"https:\/\/www.fogaszatikeszulek.hu\/wp-content\/uploads\/2018\/03\/1512121793649.png 1200w, https:\/\/www.fogaszatikeszulek.hu\/wp-content\/uploads\/2018\/03\/1512121793649-300x169.png 300w, https:\/\/www.fogaszatikeszulek.hu\/wp-content\/uploads\/2018\/03\/1512121793649-768x431.png 768w, https:\/\/www.fogaszatikeszulek.hu\/wp-content\/uploads\/2018\/03\/1512121793649-1024x575.png 1024w, https:\/\/www.fogaszatikeszulek.hu\/wp-content\/uploads\/2018\/03\/1512121793649-830x466.png 830w, https:\/\/www.fogaszatikeszulek.hu\/wp-content\/uploads\/2018\/03\/1512121793649-230x129.png 230w, https:\/\/www.fogaszatikeszulek.hu\/wp-content\/uploads\/2018\/03\/1512121793649-350x197.png 350w, https:\/\/www.fogaszatikeszulek.hu\/wp-content\/uploads\/2018\/03\/1512121793649-480x270.png 480w\" sizes=\"auto, (max-width: 1200px) 100vw, 1200px\" \/><\/td>\n<td width=\"10\">&nbsp;<\/td>\n<td width=\"260\"><img loading=\"lazy\" decoding=\"async\" class=\"alignnone size-full wp-image-1235\" src=\"https:\/\/www.fogaszatikeszulek.hu\/wp-content\/uploads\/2018\/03\/1489140099827.png\" alt=\"\" width=\"1200\" height=\"675\" srcset=\"https:\/\/www.fogaszatikeszulek.hu\/wp-content\/uploads\/2018\/03\/1489140099827.png 1200w, https:\/\/www.fogaszatikeszulek.hu\/wp-content\/uploads\/2018\/03\/1489140099827-300x169.png 300w, https:\/\/www.fogaszatikeszulek.hu\/wp-content\/uploads\/2018\/03\/1489140099827-768x432.png 768w, https:\/\/www.fogaszatikeszulek.hu\/wp-content\/uploads\/2018\/03\/1489140099827-1024x576.png 1024w, https:\/\/www.fogaszatikeszulek.hu\/wp-content\/uploads\/2018\/03\/1489140099827-830x467.png 830w, https:\/\/www.fogaszatikeszulek.hu\/wp-content\/uploads\/2018\/03\/1489140099827-230x129.png 230w, https:\/\/www.fogaszatikeszulek.hu\/wp-content\/uploads\/2018\/03\/1489140099827-350x197.png 350w, https:\/\/www.fogaszatikeszulek.hu\/wp-content\/uploads\/2018\/03\/1489140099827-480x270.png 480w\" sizes=\"auto, (max-width: 1200px) 100vw, 1200px\" \/><\/td>\n<\/tr>\n<tr>\n<td valign=\"top\" width=\"260\">\n<h5><strong>DAC Universal S<\/strong><\/h5>\n<p style=\"text-align: justify;\">Teljes aktivit\u00e1s a v\u00edrusok ellen! A termikus fert\u0151tlen\u00edt\u00e9s a DAC Universallal nem csak baktericid \u00e9s fungicid, de egyben virucid is. Bizony\u00edtott teljes virucid1 aktivit\u00e1s. Megfelelhet az infekci\u00f3 kontroll el\u0151\u00edr\u00e1soknak egyetlen gombnyom\u00e1ssal \u00e9s elker\u00fclheti a keresztfert\u0151z\u00e9seket!<\/p>\n<p style=\"text-align: justify;\"><a href=\"https:\/\/www.fogaszatikeszulek.hu\/index.php\/dac-universal\/\">Tov\u00e1bbi inform\u00e1ci\u00f3&#8230;<\/a><\/p>\n<\/td>\n<td>&nbsp;<\/td>\n<td style=\"text-align: top;\" width=\"260\">\n<h5><strong>DAC Premium<\/strong><\/h5>\n<p style=\"text-align: justify;\">A DAC Premium \u00e9s a DAC Premium Plus ugyanazokat a kett\u0151s fal\u00fa steriliz\u00e1l\u00f3 kamr\u00e1kat (ikerkamr\u00e1s technol\u00f3gi\u00e1t) haszn\u00e1lj\u00e1k, mint a k\u00f3rh\u00e1zi autokl\u00e1vok, \u00e1ltal\u00e1nosan alkalmasak minden steriliz\u00e1l\u00e1si t\u00e9telre. Sok id\u0151t takar\u00edt meg \u00e9s optim\u00e1lis steriliz\u00e1ci\u00f3s eredm\u00e9nyt ny\u00fajt a rendel\u0151ben.<\/p>\n<p style=\"text-align: justify;\"><a href=\"https:\/\/www.fogaszatikeszulek.hu\/index.php\/dac-premium\/\">Tov\u00e1bbi inform\u00e1ci\u00f3&#8230;<\/a><\/p>\n<\/td>\n<td>&nbsp;<\/td>\n<td valign=\"top\" width=\"260\">\n<h5><strong>DAC Professional<\/strong><\/h5>\n<p style=\"text-align: justify;\">F\u00fcggetlen\u00fcl att\u00f3l, hogy melyik kamra m\u00e9ret mellett d\u00f6nt, a DAC Professional \u00e9s DAC Professional Plus autokl\u00e1vok biztons\u00e1gos befektet\u00e9st ny\u00fajtanak. Kiel\u00e9g\u00edtik a modern fog\u00e1szati rendel\u0151k ig\u00e9nyeit \u00e9s megfelel a t\u00f6bbf\u00e1zis\u00fa v\u00e1kuummal t\u00f6rt\u00e9n\u0151 &#8222;B t\u00edpus\u00fa&#8221; steriliz\u00e1ci\u00f3ra vonatkoz\u00f3 EN 13060 szabv\u00e1nynak.&nbsp;<\/p>\n<p style=\"text-align: justify;\"><a href=\"https:\/\/www.fogaszatikeszulek.hu\/index.php\/dac-professional\/\">Tov\u00e1bbi inform\u00e1ci\u00f3&#8230;<\/a><\/p>\n<\/td>\n<\/tr>\n<tr>\n<td style=\"text-align: top;\" width=\"260\"><img loading=\"lazy\" decoding=\"async\" class=\"alignnone size-full wp-image-1243\" src=\"https:\/\/www.fogaszatikeszulek.hu\/wp-content\/uploads\/2018\/03\/1489140099756.png\" alt=\"\" width=\"1200\" height=\"675\" srcset=\"https:\/\/www.fogaszatikeszulek.hu\/wp-content\/uploads\/2018\/03\/1489140099756.png 1200w, https:\/\/www.fogaszatikeszulek.hu\/wp-content\/uploads\/2018\/03\/1489140099756-300x169.png 300w, https:\/\/www.fogaszatikeszulek.hu\/wp-content\/uploads\/2018\/03\/1489140099756-768x432.png 768w, https:\/\/www.fogaszatikeszulek.hu\/wp-content\/uploads\/2018\/03\/1489140099756-1024x576.png 1024w, https:\/\/www.fogaszatikeszulek.hu\/wp-content\/uploads\/2018\/03\/1489140099756-830x467.png 830w, https:\/\/www.fogaszatikeszulek.hu\/wp-content\/uploads\/2018\/03\/1489140099756-230x129.png 230w, https:\/\/www.fogaszatikeszulek.hu\/wp-content\/uploads\/2018\/03\/1489140099756-350x197.png 350w, https:\/\/www.fogaszatikeszulek.hu\/wp-content\/uploads\/2018\/03\/1489140099756-480x270.png 480w\" sizes=\"auto, (max-width: 1200px) 100vw, 1200px\" \/><\/td>\n<td width=\"10\">&nbsp;<\/td>\n<td style=\"text-align: top;\" width=\"260\"><img loading=\"lazy\" decoding=\"async\" class=\"alignnone size-full wp-image-1242\" src=\"https:\/\/www.fogaszatikeszulek.hu\/wp-content\/uploads\/2018\/03\/1489139503890.png\" alt=\"\" width=\"1200\" height=\"676\" srcset=\"https:\/\/www.fogaszatikeszulek.hu\/wp-content\/uploads\/2018\/03\/1489139503890.png 1200w, https:\/\/www.fogaszatikeszulek.hu\/wp-content\/uploads\/2018\/03\/1489139503890-300x169.png 300w, https:\/\/www.fogaszatikeszulek.hu\/wp-content\/uploads\/2018\/03\/1489139503890-768x433.png 768w, https:\/\/www.fogaszatikeszulek.hu\/wp-content\/uploads\/2018\/03\/1489139503890-1024x577.png 1024w, https:\/\/www.fogaszatikeszulek.hu\/wp-content\/uploads\/2018\/03\/1489139503890-830x468.png 830w, https:\/\/www.fogaszatikeszulek.hu\/wp-content\/uploads\/2018\/03\/1489139503890-230x130.png 230w, https:\/\/www.fogaszatikeszulek.hu\/wp-content\/uploads\/2018\/03\/1489139503890-350x197.png 350w, https:\/\/www.fogaszatikeszulek.hu\/wp-content\/uploads\/2018\/03\/1489139503890-480x270.png 480w\" sizes=\"auto, (max-width: 1200px) 100vw, 1200px\" \/><\/td>\n<td width=\"10\">&nbsp;<\/td>\n<td width=\"260\"><img loading=\"lazy\" decoding=\"async\" class=\"alignnone size-full wp-image-1245\" src=\"https:\/\/www.fogaszatikeszulek.hu\/wp-content\/uploads\/2018\/03\/1489151484084.png\" alt=\"\" width=\"1200\" height=\"675\" srcset=\"https:\/\/www.fogaszatikeszulek.hu\/wp-content\/uploads\/2018\/03\/1489151484084.png 1200w, https:\/\/www.fogaszatikeszulek.hu\/wp-content\/uploads\/2018\/03\/1489151484084-300x169.png 300w, https:\/\/www.fogaszatikeszulek.hu\/wp-content\/uploads\/2018\/03\/1489151484084-768x432.png 768w, https:\/\/www.fogaszatikeszulek.hu\/wp-content\/uploads\/2018\/03\/1489151484084-1024x576.png 1024w, https:\/\/www.fogaszatikeszulek.hu\/wp-content\/uploads\/2018\/03\/1489151484084-830x467.png 830w, https:\/\/www.fogaszatikeszulek.hu\/wp-content\/uploads\/2018\/03\/1489151484084-230x129.png 230w, https:\/\/www.fogaszatikeszulek.hu\/wp-content\/uploads\/2018\/03\/1489151484084-350x197.png 350w, https:\/\/www.fogaszatikeszulek.hu\/wp-content\/uploads\/2018\/03\/1489151484084-480x270.png 480w\" sizes=\"auto, (max-width: 1200px) 100vw, 1200px\" \/><\/td>\n<\/tr>\n<tr>\n<td valign=\"top\" width=\"260\">\n<h5><strong>SiroSeal Premium \u00e9s Professional<\/strong><\/h5>\n<p style=\"text-align: justify;\">A SiroSeal tasakf\u00f3li\u00e1z\u00f3 g\u00e9p kieg\u00e9sz\u00edti a higi\u00e9niai \u00e9s steriliz\u00e1ci\u00f3s folyamatot a seb\u00e9szeti k\u00e9zidarabok biztons\u00e1gosabb \u00e9s gyorsabb becsomagol\u00e1s\u00e1nak el\u0151seg\u00edt\u00e9s\u00e9vel a steriliz\u00e1ci\u00f3s elj\u00e1r\u00e1st megel\u0151z\u0151en.<\/p>\n<p>&nbsp;<\/td>\n<td>&nbsp;<\/td>\n<td valign=\"top\" width=\"260\">\n<h5><strong>NitraDem Direct Connect<\/strong><\/h5>\n<p style=\"text-align: justify;\">K\u00f6zvetlen kapcsolat a k\u00f6zponti v\u00edzh\u00e1l\u00f3zatba. J\u00f3 min\u0151s\u00e9g\u0171 desztill\u00e1lt v\u00edzzel l\u00e1tja el az autokl\u00e1v k\u00e9sz\u00fcl\u00e9ket. Megfelel az EN 1717 szabv\u00e1nynak, mely enged\u00e9lyezi a k\u00f6zponti v\u00edzh\u00e1l\u00f3zat \u00e9s az autokl\u00e1vok k\u00f6zti k\u00f6zvetlen kapcsolatot. Teljes\u00edtm\u00e9nye elegend\u0151 h\u00e1rom autokl\u00e1v k\u00e9sz\u00fcl\u00e9k egyszerre t\u00f6rt\u00e9n\u0151 ell\u00e1t\u00e1s\u00e1hoz is.&nbsp;<\/p>\n<p>&nbsp;<\/td>\n<td>&nbsp;<\/td>\n<td valign=\"top\" width=\"260\">\n<h5><strong>Sirodem<\/strong><\/h5>\n<p style=\"text-align: justify;\">A Sirodem ide\u00e1lisan illeszkedik a vizet egyszer\u0171en \u00e9s k\u00f6lts\u00e9ghat\u00e9konyan tiszt\u00edt\u00f3 \u00e9s teljesen demineraliz\u00e1l\u00f3 k\u00e9sz\u00fcl\u00e9kek k\u00f6z\u00e9. A rendszer b\u00e1rmikor m\u00e1sodpercek alatt csatlakoztathat\u00f3, ha kiv\u00e1l\u00f3 min\u0151s\u00e9g\u0171, teljesen demineraliz\u00e1l\u00e1lt v\u00edzre van sz\u00fcks\u00e9g.<\/p>\n<\/td>\n<\/tr>\n<\/tbody>\n<\/table>\n<p>&nbsp;<\/p>\n<h5>&nbsp;<\/h5>\n<h5>Let\u00f6lthet\u0151 dokumentumok<\/h5>\n<ul>\n<li><a href=\"https:\/\/www.fogaszatikeszulek.hu\/wp-content\/uploads\/2020\/09\/InfekcioKontroll-HUN.pdf\" target=\"_blank\" rel=\"noopener\">Infekci\u00f3 kontroll (magyar nyelv\u0171 PDF)<\/a><\/li>\n<\/ul>\n","protected":false},"excerpt":{"rendered":"<p>Higi\u00e9niai rendszerek a magas szint\u0171 biztons\u00e1g \u00e9rdek\u00e9ben A rendel\u0151 higi\u00e9ni\u00e1ja rendk\u00edv\u00fcl fontos &#8211; \u00e9s egyre ink\u00e1bb odafigyelnek r\u00e1. Gondoskodjon az \u00d6n, a rendel\u0151i csapat \u00e9s a p\u00e1ciensek teljesk\u00f6r\u0171 v\u00e9delm\u00e9r\u0151l a magas szint\u0171 higi\u00e9niai biztons\u00e1g \u00e9s az \u00e1tfog\u00f3 dokument\u00e1ci\u00f3s lehet\u0151s\u00e9gek seg\u00edts\u00e9g\u00e9vel. A DentsplySirona higi\u00e9niai megold\u00e1sai fog\u00e1szati \u200b\u200beszk\u00f6z\u00f6k tiszt\u00edt\u00e1s\u00e1ra, gondoz\u00e1s\u00e1ra, fert\u0151tlen\u00edt\u00e9s\u00e9re \u00e9s steriliz\u00e1l\u00e1s\u00e1ra alkalmasak.&nbsp; &nbsp; &nbsp; DAC [&hellip;]<\/p>\n","protected":false},"author":1,"featured_media":0,"parent":0,"menu_order":0,"comment_status":"closed","ping_status":"closed","template":"","meta":{"ngg_post_thumbnail":0,"footnotes":""},"class_list":["post-226","page","type-page","status-publish","hentry"],"_links":{"self":[{"href":"https:\/\/www.fogaszatikeszulek.hu\/index.php\/wp-json\/wp\/v2\/pages\/226","targetHints":{"allow":["GET"]}}],"collection":[{"href":"https:\/\/www.fogaszatikeszulek.hu\/index.php\/wp-json\/wp\/v2\/pages"}],"about":[{"href":"https:\/\/www.fogaszatikeszulek.hu\/index.php\/wp-json\/wp\/v2\/types\/page"}],"author":[{"embeddable":true,"href":"https:\/\/www.fogaszatikeszulek.hu\/index.php\/wp-json\/wp\/v2\/users\/1"}],"replies":[{"embeddable":true,"href":"https:\/\/www.fogaszatikeszulek.hu\/index.php\/wp-json\/wp\/v2\/comments?post=226"}],"version-history":[{"count":27,"href":"https:\/\/www.fogaszatikeszulek.hu\/index.php\/wp-json\/wp\/v2\/pages\/226\/revisions"}],"predecessor-version":[{"id":2159,"href":"https:\/\/www.fogaszatikeszulek.hu\/index.php\/wp-json\/wp\/v2\/pages\/226\/revisions\/2159"}],"wp:attachment":[{"href":"https:\/\/www.fogaszatikeszulek.hu\/index.php\/wp-json\/wp\/v2\/media?parent=226"}],"curies":[{"name":"wp","href":"https:\/\/api.w.org\/{rel}","templated":true}]}}