{"id":2176,"date":"2021-02-14T20:00:20","date_gmt":"2021-02-14T20:00:20","guid":{"rendered":"http:\/\/www.fogaszatikeszulek.hu\/?page_id=2176"},"modified":"2021-03-03T10:04:36","modified_gmt":"2021-03-03T10:04:36","slug":"axeos","status":"publish","type":"page","link":"https:\/\/www.fogaszatikeszulek.hu\/index.php\/axeos\/","title":{"rendered":"Axeos"},"content":{"rendered":"<p><img loading=\"lazy\" decoding=\"async\" class=\"alignright wp-image-2179\" src=\"https:\/\/www.fogaszatikeszulek.hu\/wp-content\/uploads\/2021\/02\/1610542035630.jpg\" alt=\"\" width=\"450\" height=\"236\" srcset=\"https:\/\/www.fogaszatikeszulek.hu\/wp-content\/uploads\/2021\/02\/1610542035630.jpg 1200w, https:\/\/www.fogaszatikeszulek.hu\/wp-content\/uploads\/2021\/02\/1610542035630-300x158.jpg 300w, https:\/\/www.fogaszatikeszulek.hu\/wp-content\/uploads\/2021\/02\/1610542035630-768x403.jpg 768w, https:\/\/www.fogaszatikeszulek.hu\/wp-content\/uploads\/2021\/02\/1610542035630-1024x538.jpg 1024w, https:\/\/www.fogaszatikeszulek.hu\/wp-content\/uploads\/2021\/02\/1610542035630-830x436.jpg 830w, https:\/\/www.fogaszatikeszulek.hu\/wp-content\/uploads\/2021\/02\/1610542035630-230x121.jpg 230w, https:\/\/www.fogaszatikeszulek.hu\/wp-content\/uploads\/2021\/02\/1610542035630-350x184.jpg 350w, https:\/\/www.fogaszatikeszulek.hu\/wp-content\/uploads\/2021\/02\/1610542035630-480x252.jpg 480w\" sizes=\"auto, (max-width: 450px) 100vw, 450px\" \/><span style=\"text-align: justify;\">A legv\u00e1ltozatosabb 2D\/3D k\u00e9sz\u00fcl\u00e9k nagy l\u00e1t\u00f3mez\u0151vel \u00e9s kiemelked\u0151 k\u00e9pmin\u0151s\u00e9ggel a sz\u00e9les sk\u00e1l\u00e1j\u00fa kezel\u00e9seket v\u00e9gz\u0151 rendel\u0151knek.<\/span><\/p>\n<h5 style=\"text-align: justify;\">Tapasztalja meg a k\u00fcl\u00f6nbs\u00e9get<\/h5>\n<p style=\"text-align: justify;\">Az Axeos &#8211; nagy volumen\u0171 \u00e9s kiv\u00e1l\u00f3 k\u00e9pmin\u0151s\u00e9g\u0171 2D \/ 3D specialista rendszer sz\u00e9lesk\u00f6r\u0171 szolg\u00e1ltat\u00e1sokat k\u00edn\u00e1l\u00f3 rendel\u0151knek. A legteljesebb funkci\u00f3kkal rendelkezik az \u00f6sszes Dentsply Sirona extraoral r\u00f6ntgenk\u00e9sz\u00fcl\u00e9k k\u00f6z\u00fcl. A kiemelked\u0151 k\u00e9pmin\u0151s\u00e9g \u00e9s a szem\u00e9lyre szabott 3D mez\u0151m\u00e9retek mellett a k\u00e9sz\u00fcl\u00e9k teljes m\u00e9rt\u00e9kben a p\u00e1ciens k\u00e9nyelm\u00e9re van optimaliz\u00e1lva. Min\u0151s\u00e9get k\u00e9pvisel a teljes\u00edtm\u00e9ny \u00e9s a k\u00e9nyelem ter\u00fclet\u00e9n egyar\u00e1nt, a be\u00e9p\u00edtett harap\u00e1sr\u00f6gz\u00edt\u0151nek \u00e9s a hangulatf\u00e9nynek k\u00f6sz\u00f6nhet\u0151en d\u00edjnyertes diz\u00e1jnnal rendelkezik.<\/p>\n<p>&nbsp;<\/p>\n<h5>4 mez\u0151m\u00e9ret, m\u00e9g t\u00f6bb lehet\u0151s\u00e9g<\/h5>\n<p style=\"text-align: justify;\">Az \u00d6n ig\u00e9nyeinek megfelel\u0151en kialak\u00edtott mez\u0151m\u00e9retek \u00d8 5 x 5.5 cm-t\u0151l \u00d8 17 x 13 cm-ig<\/p>\n<ul>\n<li>5 x 5,5 cm &#8211; kis ter\u00fcleten val\u00f3 lokaliz\u00e1ci\u00f3ra, pl. endodonciai esetek vagy \u00f6n\u00e1ll\u00f3 implant\u00e1tum<\/li>\n<li>8 x 8 cm &#8211; als\u00f3- \u00e9s fels\u0151 \u00e1llcsont fogazat\u00e1nak lek\u00e9pez\u00e9s\u00e9hez, pl. t\u00f6bbsz\u00f6r\u00f6s implant tervez\u00e9s<\/li>\n<li>11 x 10 cm &#8211; megmutatja a teljes fogazatot, a b\u00f6lcsess\u00e9gfogakkal egy\u00fctt<\/li>\n<li>17 x 13 cm &#8211; lek\u00e9pezi a teljes fogazatot, mindk\u00e9t oldali \u00e1llkapocsiz\u00fcletet \u00e9s az arc\u00fcregi r\u00e9gi\u00f3t a sella turcic\u00e1ig<\/li>\n<\/ul>\n<p><img loading=\"lazy\" decoding=\"async\" class=\"alignnone size-full wp-image-2186\" src=\"https:\/\/www.fogaszatikeszulek.hu\/wp-content\/uploads\/2021\/02\/1594624579772.jpg\" alt=\"\" width=\"1200\" height=\"675\" srcset=\"https:\/\/www.fogaszatikeszulek.hu\/wp-content\/uploads\/2021\/02\/1594624579772.jpg 1200w, https:\/\/www.fogaszatikeszulek.hu\/wp-content\/uploads\/2021\/02\/1594624579772-300x169.jpg 300w, https:\/\/www.fogaszatikeszulek.hu\/wp-content\/uploads\/2021\/02\/1594624579772-768x432.jpg 768w, https:\/\/www.fogaszatikeszulek.hu\/wp-content\/uploads\/2021\/02\/1594624579772-1024x576.jpg 1024w, https:\/\/www.fogaszatikeszulek.hu\/wp-content\/uploads\/2021\/02\/1594624579772-830x467.jpg 830w, https:\/\/www.fogaszatikeszulek.hu\/wp-content\/uploads\/2021\/02\/1594624579772-230x129.jpg 230w, https:\/\/www.fogaszatikeszulek.hu\/wp-content\/uploads\/2021\/02\/1594624579772-350x197.jpg 350w, https:\/\/www.fogaszatikeszulek.hu\/wp-content\/uploads\/2021\/02\/1594624579772-480x270.jpg 480w\" sizes=\"auto, (max-width: 1200px) 100vw, 1200px\" \/><\/p>\n<h5>&nbsp;<\/h5>\n<h5>3D k\u00e9pek&nbsp;<\/h5>\nngg_shortcode_0_placeholder\n<h5>DCS \u2013 Egyed\u00fcl\u00e1ll\u00f3 \u00e9less\u00e9g a legapr\u00f3bb r\u00e9szletekig<\/h5>\n<p style=\"text-align: justify;\">A Direct Conversion Sensor (DCS) megreform\u00e1lta a panor\u00e1ma felv\u00e9telek standardj\u00e1t. A r\u00f6ntgensugarakat azonnal elektromos jelekk\u00e9 alak\u00edtja \u2013 szemben a konvencion\u00e1lis rendszerekkel, nincs jelvesztes\u00e9g a f\u00e9nykonverzi\u00f3 sor\u00e1n. Ez min\u0151s\u00e9gibb&nbsp;k\u00e9pinform\u00e1ci\u00f3t ny\u00fajt \u00d6nnek. Az eredm\u00e9ny, egyed\u00fcl\u00e1ll\u00f3an magassz\u00ednvonal\u00fa \u00e9les k\u00e9pek, m\u00e9g extr\u00e9m alacsony d\u00f3zis eset\u00e9n is.<\/p>\n<p><em>A k\u00e9pen egy r\u00f6ntgenfelv\u00e9tel l\u00e1that\u00f3 DCS technol\u00f3gi\u00e1val \u00e9s an\u00e9lk\u00fcl.<\/em><\/p>\n<p><img loading=\"lazy\" decoding=\"async\" class=\"alignnone wp-image-2043\" src=\"https:\/\/www.fogaszatikeszulek.hu\/wp-content\/uploads\/2020\/06\/dcs2-1.jpg\" alt=\"\" width=\"900\" height=\"506\" srcset=\"https:\/\/www.fogaszatikeszulek.hu\/wp-content\/uploads\/2020\/06\/dcs2-1.jpg 1200w, https:\/\/www.fogaszatikeszulek.hu\/wp-content\/uploads\/2020\/06\/dcs2-1-300x169.jpg 300w, https:\/\/www.fogaszatikeszulek.hu\/wp-content\/uploads\/2020\/06\/dcs2-1-768x432.jpg 768w, https:\/\/www.fogaszatikeszulek.hu\/wp-content\/uploads\/2020\/06\/dcs2-1-1024x576.jpg 1024w, https:\/\/www.fogaszatikeszulek.hu\/wp-content\/uploads\/2020\/06\/dcs2-1-830x467.jpg 830w, https:\/\/www.fogaszatikeszulek.hu\/wp-content\/uploads\/2020\/06\/dcs2-1-230x129.jpg 230w, https:\/\/www.fogaszatikeszulek.hu\/wp-content\/uploads\/2020\/06\/dcs2-1-350x197.jpg 350w, https:\/\/www.fogaszatikeszulek.hu\/wp-content\/uploads\/2020\/06\/dcs2-1-480x270.jpg 480w\" sizes=\"auto, (max-width: 900px) 100vw, 900px\" \/><\/p>\n<h5>&nbsp;<\/h5>\n<h5>Autof\u00f3kusz \u2013 Kiv\u00e1l\u00f3 k\u00e9pek manu\u00e1lis \u00e1ll\u00edt\u00e1s n\u00e9lk\u00fcl<\/h5>\n<p style=\"text-align: justify;\">A megfelel\u0151 f\u00f3kusz elengedhetetlen a kiv\u00e1l\u00f3 panor\u00e1m\u00e1s r\u00f6ntgenfelv\u00e9telek k\u00e9sz\u00edt\u00e9s\u00e9hez. Az autof\u00f3kusz funkci\u00f3val automatikusan a lehet\u0151 leg\u00e9lesebben f\u00f3kusz\u00e1lt k\u00e9pet kapja. A Dentsply Sirona radiol\u00f3giai k\u00e9sz\u00fcl\u00e9kek t\u00f6bb ezer k\u00fcl\u00f6n k\u00e9pet k\u00e9sz\u00edtenek egyetlen ciklus alatt, a program automatikusan azonos\u00edtja azokat a ter\u00fcleteket, ahol az \u00e1llcsont \u00e9les k\u00e9pet mutat. Tov\u00e1bbi manu\u00e1lis l\u00e9p\u00e9sek n\u00e9lk\u00fcl a k\u00e9pek m\u00e1r teljes \u00e9less\u00e9ggel jelennek meg.<\/p>\n<p><img loading=\"lazy\" decoding=\"async\" class=\"alignnone wp-image-2183\" src=\"https:\/\/www.fogaszatikeszulek.hu\/wp-content\/uploads\/2021\/02\/1611218605212.jpeg\" alt=\"\" width=\"900\" height=\"506\" srcset=\"https:\/\/www.fogaszatikeszulek.hu\/wp-content\/uploads\/2021\/02\/1611218605212.jpeg 1200w, https:\/\/www.fogaszatikeszulek.hu\/wp-content\/uploads\/2021\/02\/1611218605212-300x169.jpeg 300w, https:\/\/www.fogaszatikeszulek.hu\/wp-content\/uploads\/2021\/02\/1611218605212-768x432.jpeg 768w, https:\/\/www.fogaszatikeszulek.hu\/wp-content\/uploads\/2021\/02\/1611218605212-1024x576.jpeg 1024w, https:\/\/www.fogaszatikeszulek.hu\/wp-content\/uploads\/2021\/02\/1611218605212-830x467.jpeg 830w, https:\/\/www.fogaszatikeszulek.hu\/wp-content\/uploads\/2021\/02\/1611218605212-230x129.jpeg 230w, https:\/\/www.fogaszatikeszulek.hu\/wp-content\/uploads\/2021\/02\/1611218605212-350x197.jpeg 350w, https:\/\/www.fogaszatikeszulek.hu\/wp-content\/uploads\/2021\/02\/1611218605212-480x270.jpeg 480w\" sizes=\"auto, (max-width: 900px) 100vw, 900px\" \/><\/p>\n<h4>&nbsp;<\/h4>\n<h4 style=\"text-align: justify;\">Okos kapcsolatok egy okos rendel\u0151h\u00f6z<\/h4>\n<p style=\"text-align: justify;\">A Sidexis 4 programot sz\u00e1mos j\u00f3l \u00e1tgondolt kezel\u0151fel\u00fclet, valamint k\u00e9sz\u00fcl\u00e9k- \u00e9s szoftver kapcsolat jellemzi. A rendel\u0151 \u00f6sszes digit\u00e1lis lehet\u0151s\u00e9g\u00e9t kezelheti a szoftverrel, mik\u00f6zben leegyszer\u0171s\u00edti \u00e9s b\u0151v\u00edti virtu\u00e1lis kommunik\u00e1ci\u00f3s csatorn\u00e1it.&nbsp;<\/p>\n<p style=\"text-align: justify;\">A Dentsply Sirona k\u00e9palkot\u00e1si megold\u00e1saival nemcsak min\u0151s\u00e9gi k\u00e9sz\u00fcl\u00e9keket k\u00edn\u00e1lunk, hanem olyan lehet\u0151s\u00e9geket, amelyek biztos\u00edtj\u00e1k \u00d6nnek a sz\u00fcks\u00e9ges eszk\u00f6z\u00f6ket \u00e9s t\u00e1mogat\u00e1st, hogy p\u00e1cienseinek a legjobb ell\u00e1t\u00e1st ny\u00fajthassa.<\/p>\n<p>&nbsp;<\/p>\n<h4 style=\"text-align: justify;\">P\u00e1ciens poz\u00edcion\u00e1l\u00e1s<\/h4>\n<p style=\"text-align: justify;\">Magas min\u0151s\u00e9g\u0171 k\u00e9pek \u00e9s k\u00e9nyelem a p\u00e1ciens \u00e9s az asszisztens sz\u00e1m\u00e1ra. A rendszer biztos\u00edtja a sz\u00fcks\u00e9ges eszk\u00f6z\u00f6ket a min\u0151s\u00e9gi felv\u00e9telekhez a kezel\u00e9si terv sz\u00e1m\u00e1ra, valamint nagy hangs\u00falyt fektet az ergon\u00f3mi\u00e1ra \u00e9s a k\u00e9nyelemre a felv\u00e9tel k\u00e9sz\u00edt\u00e9se sor\u00e1n. A harap\u00e1sr\u00f6gz\u00edt\u0151 automatikusan seg\u00edt a p\u00e1ciens fej\u00e9nek helyes d\u0151l\u00e9ssz\u00f6gbe \u00e1ll\u00edt\u00e1s\u00e1ban, ezzel az occlusalis s\u00edkra poz\u00edcion\u00e1lva, ebben seg\u00edt m\u00e9g a h\u00e1rompontos fejt\u00e1masz, valamint&nbsp; az er\u0151s foganty\u00fak a stabil poz\u00edci\u00f3 biztos\u00edt\u00e1s\u00e1hoz.&nbsp;<\/p>\n<p>&nbsp;<\/p>\n<h4><iframe loading=\"lazy\"  id=\"_ytid_68501\"  width=\"1170\" height=\"658\"  data-origwidth=\"1170\" data-origheight=\"658\" src=\"https:\/\/www.youtube.com\/embed\/2WErqR4p0-8?enablejsapi=1&autoplay=0&cc_load_policy=0&cc_lang_pref=&iv_load_policy=1&loop=0&rel=1&fs=1&playsinline=0&autohide=2&theme=dark&color=red&controls=1&disablekb=0&\" class=\"__youtube_prefs__  no-lazyload\" title=\"YouTube player\"  allow=\"fullscreen; accelerometer; autoplay; clipboard-write; encrypted-media; gyroscope; picture-in-picture; web-share\" referrerpolicy=\"strict-origin-when-cross-origin\" allowfullscreen data-no-lazy=\"1\" data-skipgform_ajax_framebjll=\"\"><\/iframe>&nbsp;<\/h4>\n<p>&nbsp;<\/p>\n<h4><img loading=\"lazy\" decoding=\"async\" class=\"alignleft wp-image-1817\" src=\"https:\/\/www.fogaszatikeszulek.hu\/wp-content\/uploads\/2019\/11\/ambientlight.jpg\" alt=\"\" width=\"300\" height=\"180\" srcset=\"https:\/\/www.fogaszatikeszulek.hu\/wp-content\/uploads\/2019\/11\/ambientlight.jpg 582w, https:\/\/www.fogaszatikeszulek.hu\/wp-content\/uploads\/2019\/11\/ambientlight-300x180.jpg 300w, https:\/\/www.fogaszatikeszulek.hu\/wp-content\/uploads\/2019\/11\/ambientlight-230x138.jpg 230w, https:\/\/www.fogaszatikeszulek.hu\/wp-content\/uploads\/2019\/11\/ambientlight-350x210.jpg 350w, https:\/\/www.fogaszatikeszulek.hu\/wp-content\/uploads\/2019\/11\/ambientlight-480x288.jpg 480w\" sizes=\"auto, (max-width: 300px) 100vw, 300px\" \/>H\u00e1tt\u00e9rf\u00e9ny<\/h4>\n<p style=\"text-align: justify;\">Az Axeos hangulatf\u00e9ny funkci\u00f3ja kellemesebb \u00e9lm\u00e9nyt biztos\u00edt p\u00e1ciensei sz\u00e1m\u00e1ra. T\u00f6bb mint 35 f\u00e9le sz\u00ednv\u00e1laszt\u00e9kkal t\u00f6k\u00e9letesen illeszkedik a modern rendel\u0151i megjelen\u00e9shez.<\/p>\n<p>&nbsp;<\/p>\n<p>&nbsp;<\/p>\n<h4><img loading=\"lazy\" decoding=\"async\" class=\"alignleft wp-image-1846\" src=\"https:\/\/www.fogaszatikeszulek.hu\/wp-content\/uploads\/2019\/11\/kefalo.jpg\" alt=\"\" width=\"300\" height=\"180\" srcset=\"https:\/\/www.fogaszatikeszulek.hu\/wp-content\/uploads\/2019\/11\/kefalo.jpg 570w, https:\/\/www.fogaszatikeszulek.hu\/wp-content\/uploads\/2019\/11\/kefalo-300x180.jpg 300w, https:\/\/www.fogaszatikeszulek.hu\/wp-content\/uploads\/2019\/11\/kefalo-230x138.jpg 230w, https:\/\/www.fogaszatikeszulek.hu\/wp-content\/uploads\/2019\/11\/kefalo-350x210.jpg 350w, https:\/\/www.fogaszatikeszulek.hu\/wp-content\/uploads\/2019\/11\/kefalo-480x288.jpg 480w\" sizes=\"auto, (max-width: 300px) 100vw, 300px\" \/>Kefalometri\u00e1s k\u00e9pek<\/h4>\n<p style=\"text-align: justify;\">Az Axeos lehet\u0151s\u00e9get k\u00edn\u00e1l arra, hogy a kefalo kar b\u00e1rmikor felszerelhet\u0151 legyen. Ahhoz hogy biztosan elf\u00e9rjen a r\u00f6ntgenszob\u00e1ban, a kar felszerelhet\u0151 az egys\u00e9g jobb vagy bal oldal\u00e1ra is.<\/p>\n<p style=\"text-align: justify;\"><strong>Valamennyi fogszab\u00e1lyoz\u00e1si ig\u00e9nyt kiel\u00e9g\u00edt\u0151 kefalo programok<\/strong><\/p>\n<p style=\"text-align: justify;\">Dedik\u00e1lt szenzor\u00e1nak seg\u00edts\u00e9g\u00e9vel later\u00e1lis, szimmetrikus posterio-anterior, vagy anterio-posterior vagy ak\u00e1r carpus k\u00e9pek egyar\u00e1nt k\u00e9sz\u00edthet\u0151k. A diszlok\u00e1lt fogak helymeghat\u00e1roz\u00e1s\u00e1hoz haszn\u00e1lhatja az alacsony d\u00f3zis\u00fa 3D funkci\u00f3t is.<\/p>\n<p>&nbsp;<\/p>\n<h4>Autofocus &#8211; a legjobb k\u00e9pek teljesen automatikusan<\/h4>\n<p style=\"text-align: justify;\">A kiv\u00e1l\u00f3 \u00e9less\u00e9g el\u00e9r\u00e9s\u00e9hez elengedhetetlen a megfelel\u0151 f\u00f3kusz. Az \u00e1llkapocsnak a k\u00e9sz\u00fcl\u00e9k \u00e9les k\u00e9pr\u00e9teg\u00e9ben kell lennie. Ehhez az Orthophos t\u00f6bb ezer \u00f6n\u00e1ll\u00f3 k\u00e9pet hoz l\u00e9tre egy fordulat alatt, \u00e9s automatikusan felismeri azokat a ter\u00fcleteket, ahol az \u00e1llkapocs optim\u00e1lisan van elhelyezve. Ezek egy teljes k\u00e9pen jelennek meg &#8211; manu\u00e1lis l\u00e9p\u00e9sek n\u00e9lk\u00fcl.<\/p>\n<p><img loading=\"lazy\" decoding=\"async\" class=\"alignnone size-full wp-image-1850\" src=\"https:\/\/www.fogaszatikeszulek.hu\/wp-content\/uploads\/2019\/11\/autofocus.jpg\" alt=\"\" width=\"1105\" height=\"544\" srcset=\"https:\/\/www.fogaszatikeszulek.hu\/wp-content\/uploads\/2019\/11\/autofocus.jpg 1105w, https:\/\/www.fogaszatikeszulek.hu\/wp-content\/uploads\/2019\/11\/autofocus-300x148.jpg 300w, https:\/\/www.fogaszatikeszulek.hu\/wp-content\/uploads\/2019\/11\/autofocus-768x378.jpg 768w, https:\/\/www.fogaszatikeszulek.hu\/wp-content\/uploads\/2019\/11\/autofocus-1024x504.jpg 1024w, https:\/\/www.fogaszatikeszulek.hu\/wp-content\/uploads\/2019\/11\/autofocus-830x409.jpg 830w, https:\/\/www.fogaszatikeszulek.hu\/wp-content\/uploads\/2019\/11\/autofocus-230x113.jpg 230w, https:\/\/www.fogaszatikeszulek.hu\/wp-content\/uploads\/2019\/11\/autofocus-350x172.jpg 350w, https:\/\/www.fogaszatikeszulek.hu\/wp-content\/uploads\/2019\/11\/autofocus-480x236.jpg 480w\" sizes=\"auto, (max-width: 1105px) 100vw, 1105px\" \/><\/p>\n<h5>&nbsp;<\/h5>\n<h5>Let\u00f6lthet\u0151 dokumentumok<\/h5>\n<ul>\n<li><a href=\"https:\/\/www.fogaszatikeszulek.hu\/wp-content\/uploads\/2021\/03\/Axeos-2021-HUN.pdf\">Axeos magyar nyelv\u0171 prospektus<\/a><\/li>\n<\/ul>\n","protected":false},"excerpt":{"rendered":"<p>A legv\u00e1ltozatosabb 2D\/3D k\u00e9sz\u00fcl\u00e9k nagy l\u00e1t\u00f3mez\u0151vel \u00e9s kiemelked\u0151 k\u00e9pmin\u0151s\u00e9ggel a sz\u00e9les sk\u00e1l\u00e1j\u00fa kezel\u00e9seket v\u00e9gz\u0151 rendel\u0151knek. Tapasztalja meg a k\u00fcl\u00f6nbs\u00e9get Az Axeos &#8211; nagy volumen\u0171 \u00e9s kiv\u00e1l\u00f3 k\u00e9pmin\u0151s\u00e9g\u0171 2D \/ 3D specialista rendszer sz\u00e9lesk\u00f6r\u0171 szolg\u00e1ltat\u00e1sokat k\u00edn\u00e1l\u00f3 rendel\u0151knek. A legteljesebb funkci\u00f3kkal rendelkezik az \u00f6sszes Dentsply Sirona extraoral r\u00f6ntgenk\u00e9sz\u00fcl\u00e9k k\u00f6z\u00fcl. A kiemelked\u0151 k\u00e9pmin\u0151s\u00e9g \u00e9s a szem\u00e9lyre szabott 3D [&hellip;]<\/p>\n","protected":false},"author":1,"featured_media":0,"parent":0,"menu_order":0,"comment_status":"closed","ping_status":"closed","template":"","meta":{"ngg_post_thumbnail":0,"footnotes":""},"class_list":["post-2176","page","type-page","status-publish","hentry"],"_links":{"self":[{"href":"https:\/\/www.fogaszatikeszulek.hu\/index.php\/wp-json\/wp\/v2\/pages\/2176","targetHints":{"allow":["GET"]}}],"collection":[{"href":"https:\/\/www.fogaszatikeszulek.hu\/index.php\/wp-json\/wp\/v2\/pages"}],"about":[{"href":"https:\/\/www.fogaszatikeszulek.hu\/index.php\/wp-json\/wp\/v2\/types\/page"}],"author":[{"embeddable":true,"href":"https:\/\/www.fogaszatikeszulek.hu\/index.php\/wp-json\/wp\/v2\/users\/1"}],"replies":[{"embeddable":true,"href":"https:\/\/www.fogaszatikeszulek.hu\/index.php\/wp-json\/wp\/v2\/comments?post=2176"}],"version-history":[{"count":23,"href":"https:\/\/www.fogaszatikeszulek.hu\/index.php\/wp-json\/wp\/v2\/pages\/2176\/revisions"}],"predecessor-version":[{"id":2245,"href":"https:\/\/www.fogaszatikeszulek.hu\/index.php\/wp-json\/wp\/v2\/pages\/2176\/revisions\/2245"}],"wp:attachment":[{"href":"https:\/\/www.fogaszatikeszulek.hu\/index.php\/wp-json\/wp\/v2\/media?parent=2176"}],"curies":[{"name":"wp","href":"https:\/\/api.w.org\/{rel}","templated":true}]}}