{"id":2,"date":"2018-02-10T22:36:48","date_gmt":"2018-02-10T22:36:48","guid":{"rendered":"http:\/\/www.fogaszatikeszulek.hu\/?page_id=2"},"modified":"2019-03-07T14:40:15","modified_gmt":"2019-03-07T14:40:15","slug":"ez-egy-minta-oldal","status":"publish","type":"page","link":"https:\/\/www.fogaszatikeszulek.hu\/index.php\/ez-egy-minta-oldal\/","title":{"rendered":"Bemutatkoz\u00e1s"},"content":{"rendered":"<p><img decoding=\"async\" class=\"size-medium wp-image-195 alignright\" src=\"https:\/\/www.fogaszatikeszulek.hu\/wp-content\/uploads\/2018\/02\/gym-215x300.jpg\" alt=\"\" width=\"150\"><\/p>\n<p style=\"text-align: justify;\">\u00dcdv\u00f6zl\u00f6m a fogaszatikeszulek.hu \u2013 Dentsply Sirona fog\u00e1szati k\u00e9sz\u00fcl\u00e9kek inform\u00e1ci\u00f3s oldal\u00e1n!<\/p>\n<p style=\"text-align: justify;\">L\u00e1togat\u00e1sa azt jelenti sza\u0301momra, hogy \u00d6n is elko\u0308telezett h\u00edve a min\u0151se\u0301gnek, pont u\u0301gy, mint mi az ENDOBOLT-ban. C\u00e9g\u00fcnk hossz\u00fa \u00e9vek kitart\u00f3 munk\u00e1j\u00e1val, \u00e9rdemelte ki a gy\u00e1rt\u00f3 bizalm\u00e1t arra, hogy 2017. szeptember\u00e9t\u0151l hivatalos forgalmaz\u00f3i lett\u00fcnk a Dentsply Sirona fog\u00e1szati k\u00e9sz\u00fcl\u00e9keknek.<\/p>\n<p style=\"text-align: justify;\">Rem\u00e9nyeim szerint az oldalon el\u00e9rhet\u0151 inform\u00e1ci\u00f3k alapj\u00e1n siker\u00fcl felkelteni \u00e9rdekl\u0151d\u00e9s\u00e9t term\u00e9keink ir\u00e1nt \u00e9s hamarosan \u00fcdv\u00f6z\u00f6lhetj\u00fck \u00d6nt is a Dentsply Sirona k\u00e9sz\u00fcl\u00e9kek felhaszn\u00e1l\u00f3inak k\u00f6r\u00e9ben. V\u00e1rom megtisztel\u0151 jelentkez\u00e9s\u00e9t!<\/p>\n<p>\u00dcdv\u00f6zlettel, Gyarmati M\u00e1ty\u00e1s<br \/>\n<strong>Tel.: +36 20 335 05 21<\/strong><br \/>\nE-mail: info@endobolt.hu<\/p>\n","protected":false},"excerpt":{"rendered":"<p>\u00dcdv\u00f6zl\u00f6m a fogaszatikeszulek.hu \u2013 Dentsply Sirona fog\u00e1szati k\u00e9sz\u00fcl\u00e9kek inform\u00e1ci\u00f3s oldal\u00e1n! L\u00e1togat\u00e1sa azt jelenti sza\u0301momra, hogy \u00d6n is elko\u0308telezett h\u00edve a min\u0151se\u0301gnek, pont u\u0301gy, mint mi az ENDOBOLT-ban. C\u00e9g\u00fcnk hossz\u00fa \u00e9vek kitart\u00f3 munk\u00e1j\u00e1val, \u00e9rdemelte ki a gy\u00e1rt\u00f3 bizalm\u00e1t arra, hogy 2017. szeptember\u00e9t\u0151l hivatalos forgalmaz\u00f3i lett\u00fcnk a Dentsply Sirona fog\u00e1szati k\u00e9sz\u00fcl\u00e9keknek. Rem\u00e9nyeim szerint az oldalon el\u00e9rhet\u0151 inform\u00e1ci\u00f3k [&hellip;]<\/p>\n","protected":false},"author":1,"featured_media":0,"parent":0,"menu_order":0,"comment_status":"closed","ping_status":"open","template":"","meta":{"ngg_post_thumbnail":0,"footnotes":""},"class_list":["post-2","page","type-page","status-publish","hentry"],"_links":{"self":[{"href":"https:\/\/www.fogaszatikeszulek.hu\/index.php\/wp-json\/wp\/v2\/pages\/2","targetHints":{"allow":["GET"]}}],"collection":[{"href":"https:\/\/www.fogaszatikeszulek.hu\/index.php\/wp-json\/wp\/v2\/pages"}],"about":[{"href":"https:\/\/www.fogaszatikeszulek.hu\/index.php\/wp-json\/wp\/v2\/types\/page"}],"author":[{"embeddable":true,"href":"https:\/\/www.fogaszatikeszulek.hu\/index.php\/wp-json\/wp\/v2\/users\/1"}],"replies":[{"embeddable":true,"href":"https:\/\/www.fogaszatikeszulek.hu\/index.php\/wp-json\/wp\/v2\/comments?post=2"}],"version-history":[{"count":11,"href":"https:\/\/www.fogaszatikeszulek.hu\/index.php\/wp-json\/wp\/v2\/pages\/2\/revisions"}],"predecessor-version":[{"id":1623,"href":"https:\/\/www.fogaszatikeszulek.hu\/index.php\/wp-json\/wp\/v2\/pages\/2\/revisions\/1623"}],"wp:attachment":[{"href":"https:\/\/www.fogaszatikeszulek.hu\/index.php\/wp-json\/wp\/v2\/media?parent=2"}],"curies":[{"name":"wp","href":"https:\/\/api.w.org\/{rel}","templated":true}]}}