{"id":1396,"date":"2018-03-28T10:17:04","date_gmt":"2018-03-28T10:17:04","guid":{"rendered":"http:\/\/www.fogaszatikeszulek.hu\/?page_id=1396"},"modified":"2018-04-04T13:15:08","modified_gmt":"2018-04-04T13:15:08","slug":"turbinak","status":"publish","type":"page","link":"https:\/\/www.fogaszatikeszulek.hu\/index.php\/turbinak\/","title":{"rendered":"Turbin\u00e1k"},"content":{"rendered":"<p>&nbsp;<\/p>\n<p><img loading=\"lazy\" decoding=\"async\" class=\"alignnone size-full wp-image-1397\" src=\"https:\/\/www.fogaszatikeszulek.hu\/wp-content\/uploads\/2018\/03\/1489594344442.png\" alt=\"\" width=\"1200\" height=\"675\" srcset=\"https:\/\/www.fogaszatikeszulek.hu\/wp-content\/uploads\/2018\/03\/1489594344442.png 1200w, https:\/\/www.fogaszatikeszulek.hu\/wp-content\/uploads\/2018\/03\/1489594344442-300x169.png 300w, https:\/\/www.fogaszatikeszulek.hu\/wp-content\/uploads\/2018\/03\/1489594344442-768x432.png 768w, https:\/\/www.fogaszatikeszulek.hu\/wp-content\/uploads\/2018\/03\/1489594344442-1024x576.png 1024w, https:\/\/www.fogaszatikeszulek.hu\/wp-content\/uploads\/2018\/03\/1489594344442-830x467.png 830w, https:\/\/www.fogaszatikeszulek.hu\/wp-content\/uploads\/2018\/03\/1489594344442-230x129.png 230w, https:\/\/www.fogaszatikeszulek.hu\/wp-content\/uploads\/2018\/03\/1489594344442-350x197.png 350w, https:\/\/www.fogaszatikeszulek.hu\/wp-content\/uploads\/2018\/03\/1489594344442-480x270.png 480w\" sizes=\"auto, (max-width: 1200px) 100vw, 1200px\" \/><\/p>\n<h5>T1 turbina<\/h5>\n<p style=\"text-align: justify;\">A Premium oszt\u00e1ly\u00fa turbin\u00e1k kiegyens\u00falyozottan illeszkednek a k\u00e9zbe. A T1 Control, a T1 Boost \u00e9s a T1 mini nagy teljes\u00edtm\u00e9nyt ny\u00fajtanak, optim\u00e1lis kontrollt k\u00edn\u00e1lnak alacsony zajszint mellett. A T1 mini kicsi feje t\u00f6k\u00e9letes r\u00e1l\u00e1t\u00e1st enged, m\u00edg a T1 Control szabadalmaztatott fordulatsz\u00e1m-szab\u00e1lyoz\u00e1sa lehet\u0151v\u00e9 teszi a k\u00f6vetkezetes \u00e9s alacsony zajszint\u0171 munkav\u00e9gz\u00e9st, a T1 Boost maxim\u00e1lis teljes\u00edtm\u00e9nyt ny\u00fajt.<\/p>\n<ul>\n<li style=\"text-align: justify;\">Ergon\u00f3mikus, tit\u00e1nium bevonat\u00fa burkolat<\/li>\n<li style=\"text-align: justify;\">DLC-bevonat\u00fa ker\u00e1mia goly\u00f3scsap\u00e1gyak<\/li>\n<li style=\"text-align: justify;\">Kontroll funkci\u00f3 &#8211; folyamatos, csendes m\u0171k\u00f6d\u00e9s<\/li>\n<li style=\"text-align: justify;\">Illeszkedik minden ismert gyors kuplung verzi\u00f3hoz (Click&amp;Go)<\/li>\n<li style=\"text-align: justify;\">A 4-utas spraynek k\u00f6sz\u00f6nhet\u0151en hihetetlen\u00fcl csendes<\/li>\n<\/ul>\n<h5>&nbsp;<\/h5>\n<h5>T2 turbina<\/h5>\n<p style=\"text-align: justify;\">Folyamatos nagy teljes\u00edtm\u00e9ny, ergonomikus forma a tit\u00e1n bevonat\u00fa k\u00fcls\u0151 burkolattal, robusztus kivitelez\u00e9ssel.<\/p>\n<ul>\n<li style=\"text-align: justify;\">Kiv\u00e1l\u00f3 tapad\u00e1s a tit\u00e1n bevonat\u00fa k\u00fcls\u0151 burkolatnak k\u00f6sz\u00f6nhet\u0151en<\/li>\n<li style=\"text-align: justify;\">Robusztus ker\u00e1mia goly\u00f3scsap\u00e1gyak<\/li>\n<li style=\"text-align: justify;\">Kontroll funkci\u00f3: folyamatos \u00e9s csendes m\u0171k\u00f6d\u00e9s<\/li>\n<li style=\"text-align: justify;\">Illeszkedik minden ismert gyors kuplung verzi\u00f3hoz (Click&amp;Go)<\/li>\n<li style=\"text-align: justify;\">Optim\u00e1lis megvil\u00e1g\u00edt\u00e1s \u00e9s l\u00e1that\u00f3s\u00e1g a kezel\u00e9s alatt<\/li>\n<li style=\"text-align: justify;\">A 4-utas spraynek k\u00f6sz\u00f6nhet\u0151en hihetetlen\u00fcl csendes<\/li>\n<li style=\"text-align: justify;\">Steriliz\u00e1lhat\u00f3, h\u0151kezel\u00e9ssel fert\u0151tlen\u00edthet\u0151<\/li>\n<\/ul>\n<h5>&nbsp;<\/h5>\n<h5>T3 turbina &#8211; gyors\u00edt\u00f3 kuplung<\/h5>\n<p style=\"text-align: justify;\">A T3 oszt\u00e1ly\u00fa tit\u00e1n bevonat\u00fa turbin\u00e1k k\u00f6nnyen tiszt\u00edthat\u00f3k \u00e9s j\u00f3 tapad\u00e1st biztos\u00edtanak. Az ak\u00e1r 23 wattos teljes\u00edtm\u00e9ny \u00e9s ker\u00e1mia goly\u00f3scsap\u00e1gyak biztos\u00edtj\u00e1k a hat\u00e9kony munkav\u00e9gz\u00e9st hossz\u00fa t\u00e1von. Tart\u00f3s hat\u00e9konys\u00e1g.<\/p>\n<ul>\n<li style=\"text-align: justify;\">Illeszkedik minden ismert gyors kuplung vagy fix csatlakoz\u00f3hoz&nbsp;<\/li>\n<li style=\"text-align: justify;\">V\u00e9d\u0151 fejrendszer (Protective Head System) dupla visszasziv\u00e1rg\u00e1s g\u00e1tl\u00f3 szeleppel<\/li>\n<li style=\"text-align: justify;\">A 4-utas spraynek k\u00f6sz\u00f6nhet\u0151en hihetetlen\u00fcl csendes<\/li>\n<li style=\"text-align: justify;\">Alacsony rezg\u00e9scsillap\u00edt\u00f3 rendszer<\/li>\n<li style=\"text-align: justify;\">Robusztus ker\u00e1mia goly\u00f3scsap\u00e1gyak<\/li>\n<li style=\"text-align: justify;\">Steriliz\u00e1lhat\u00f3, h\u0151kezel\u00e9ssel fert\u0151tlen\u00edthet\u0151<\/li>\n<\/ul>\n<h5>&nbsp;<\/h5>\n<h5>T3 turbina &#8211; fix csatlakoz\u00e1s<\/h5>\n<p style=\"text-align: justify;\">A hossz\u00fa t\u00e1v\u00fa megb\u00edzhat\u00f3 anyagok biztos\u00edtj\u00e1k a T3 r\u00f6gz\u00edtett csatlakoz\u00e1s\u00fa turbin\u00e1k sz\u00e1m\u00e1ra, hogy az elk\u00f6vetkez\u0151 \u00e9vekben is stabilak maradjanak. A 4-utas sprayvel ell\u00e1tott turbina k\u00fcl\u00f6n\u00f6sen csendes \u00e9s a kiv\u00e1l\u00f3 min\u0151s\u00e9g\u0171 burkolat egyszer\u0171en \u00e9s k\u00f6nnyen tiszt\u00edthat\u00f3.<\/p>\n<ul>\n<li style=\"text-align: justify;\">V\u00e1laszthat a Midwest 4-lyuk\u00fa \u00e9s a Borden 2\/3-lyuk\u00fa csatlakoz\u00e1s k\u00f6z\u00f6tt<\/li>\n<li>N\u00e9met gy\u00e1rtm\u00e1ny\u00fa min\u0151s\u00e9g<\/li>\n<li style=\"text-align: justify;\">V\u00e9d\u0151 fejrendszer (Protective Head System) dupla visszasziv\u00e1rg\u00e1s g\u00e1tl\u00f3 szeleppel<\/li>\n<li style=\"text-align: justify;\">Tart\u00f3s ker\u00e1mia goly\u00f3scsap\u00e1gyak<\/li>\n<li>A leger\u0151sebb turbina 30 wattos<\/li>\n<li style=\"text-align: justify;\">Steriliz\u00e1lhat\u00f3, h\u0151kezel\u00e9ssel fert\u0151tlen\u00edthet\u0151<\/li>\n<\/ul>\n<h5>&nbsp;<\/h5>\n<h5>Let\u00f6lthet\u0151 dokumentumok<\/h5>\n<ul>\n<li><a href=\"https:\/\/www.fogaszatikeszulek.hu\/wp-content\/uploads\/pdf\/T1-T2-T3.pdf\" target=\"_blank\" rel=\"noopener\">T1, T2, T3 k\u00e9zidarabok prospektus (angol nyelv\u0171)<\/a><\/li>\n<\/ul>\n","protected":false},"excerpt":{"rendered":"<p>&nbsp; T1 turbina A Premium oszt\u00e1ly\u00fa turbin\u00e1k kiegyens\u00falyozottan illeszkednek a k\u00e9zbe. A T1 Control, a T1 Boost \u00e9s a T1 mini nagy teljes\u00edtm\u00e9nyt ny\u00fajtanak, optim\u00e1lis kontrollt k\u00edn\u00e1lnak alacsony zajszint mellett. A T1 mini kicsi feje t\u00f6k\u00e9letes r\u00e1l\u00e1t\u00e1st enged, m\u00edg a T1 Control szabadalmaztatott fordulatsz\u00e1m-szab\u00e1lyoz\u00e1sa lehet\u0151v\u00e9 teszi a k\u00f6vetkezetes \u00e9s alacsony zajszint\u0171 munkav\u00e9gz\u00e9st, a T1 Boost [&hellip;]<\/p>\n","protected":false},"author":1,"featured_media":0,"parent":0,"menu_order":0,"comment_status":"closed","ping_status":"closed","template":"","meta":{"ngg_post_thumbnail":0,"footnotes":""},"class_list":["post-1396","page","type-page","status-publish","hentry"],"_links":{"self":[{"href":"https:\/\/www.fogaszatikeszulek.hu\/index.php\/wp-json\/wp\/v2\/pages\/1396","targetHints":{"allow":["GET"]}}],"collection":[{"href":"https:\/\/www.fogaszatikeszulek.hu\/index.php\/wp-json\/wp\/v2\/pages"}],"about":[{"href":"https:\/\/www.fogaszatikeszulek.hu\/index.php\/wp-json\/wp\/v2\/types\/page"}],"author":[{"embeddable":true,"href":"https:\/\/www.fogaszatikeszulek.hu\/index.php\/wp-json\/wp\/v2\/users\/1"}],"replies":[{"embeddable":true,"href":"https:\/\/www.fogaszatikeszulek.hu\/index.php\/wp-json\/wp\/v2\/comments?post=1396"}],"version-history":[{"count":7,"href":"https:\/\/www.fogaszatikeszulek.hu\/index.php\/wp-json\/wp\/v2\/pages\/1396\/revisions"}],"predecessor-version":[{"id":1487,"href":"https:\/\/www.fogaszatikeszulek.hu\/index.php\/wp-json\/wp\/v2\/pages\/1396\/revisions\/1487"}],"wp:attachment":[{"href":"https:\/\/www.fogaszatikeszulek.hu\/index.php\/wp-json\/wp\/v2\/media?parent=1396"}],"curies":[{"name":"wp","href":"https:\/\/api.w.org\/{rel}","templated":true}]}}