{"id":1296,"date":"2018-03-26T09:20:03","date_gmt":"2018-03-26T09:20:03","guid":{"rendered":"http:\/\/www.fogaszatikeszulek.hu\/?page_id=1296"},"modified":"2019-03-06T13:28:48","modified_gmt":"2019-03-06T13:28:48","slug":"dac-professional","status":"publish","type":"page","link":"https:\/\/www.fogaszatikeszulek.hu\/index.php\/dac-professional\/","title":{"rendered":"DAC Professional"},"content":{"rendered":"<h5 style=\"text-align: justify;\"><img loading=\"lazy\" decoding=\"async\" class=\"alignleft wp-image-1235\" src=\"https:\/\/www.fogaszatikeszulek.hu\/wp-content\/uploads\/2018\/03\/1489140099827.png\" alt=\"\" width=\"460\" height=\"259\" srcset=\"https:\/\/www.fogaszatikeszulek.hu\/wp-content\/uploads\/2018\/03\/1489140099827.png 1200w, https:\/\/www.fogaszatikeszulek.hu\/wp-content\/uploads\/2018\/03\/1489140099827-300x169.png 300w, https:\/\/www.fogaszatikeszulek.hu\/wp-content\/uploads\/2018\/03\/1489140099827-768x432.png 768w, https:\/\/www.fogaszatikeszulek.hu\/wp-content\/uploads\/2018\/03\/1489140099827-1024x576.png 1024w, https:\/\/www.fogaszatikeszulek.hu\/wp-content\/uploads\/2018\/03\/1489140099827-830x467.png 830w, https:\/\/www.fogaszatikeszulek.hu\/wp-content\/uploads\/2018\/03\/1489140099827-230x129.png 230w, https:\/\/www.fogaszatikeszulek.hu\/wp-content\/uploads\/2018\/03\/1489140099827-350x197.png 350w, https:\/\/www.fogaszatikeszulek.hu\/wp-content\/uploads\/2018\/03\/1489140099827-480x270.png 480w\" sizes=\"auto, (max-width: 460px) 100vw, 460px\" \/>Min\u0151s\u00e9gi befektet\u00e9s<\/h5>\n<p style=\"text-align: justify;\">F\u00fcggetlen\u00fcl att\u00f3l, hogy melyik kamra m\u00e9retet v\u00e1lasztja, a DAC Professional autokl\u00e1vokkal biztons\u00e1gos befektet\u00e9st tehet. A n\u00e9metorsz\u00e1gi gy\u00e1rt\u00e1s, a tan\u00fas\u00edtott gy\u00e1rt\u00e1si szabv\u00e1nyok \u00e9s a rozsdamentes ac\u00e9lb\u00f3l k\u00e9sz\u00fclt kamra garant\u00e1lja, hogy az eszk\u00f6z\u00f6k kiv\u00e1l\u00f3 min\u0151s\u00e9g\u0171ek \u00e9s hossz\u00fa \u00e9lettartam\u00faak.<\/p>\n<p>&nbsp;<\/p>\n<h5>Haszn\u00e1lja ki sz\u00e1mos k\u00e9nyelmi funkci\u00f3j\u00e1t<\/h5>\n<ul>\n<li>Kompakt megold\u00e1s be\u00e9p\u00edtett \u00e9desv\u00edzzel \u00e9s szennyv\u00edz tart\u00e1llyal<\/li>\n<li>Az egyszer\u0171 kezelhet\u0151s\u00e9g minimaliz\u00e1lja a kezel\u0151i hib\u00e1kat<\/li>\n<li>Robosztus, kompakt, megb\u00edzhat\u00f3<\/li>\n<li>Dokument\u00e1ci\u00f3 nyomtat\u00e1ssal, CF k\u00e1rty\u00e1val vagy k\u00f6zvetlen\u00fcl a sz\u00e1m\u00edt\u00f3g\u00e9pen tov\u00e1bbi dokument\u00e1ci\u00f3s szoftver n\u00e9lk\u00fcl lehets\u00e9ges<\/li>\n<li>Megfelel a jogbiztons\u00e1g minden vonatkoz\u00f3 norm\u00e1j\u00e1nak<\/li>\n<li>Steriliz\u00e1ci\u00f3 (gyors program S) m\u00e1r 15 perc alatt (sz\u00e1r\u00edt\u00e1s n\u00e9lk\u00fcl)<\/li>\n<\/ul>\n<h5>&nbsp;<\/h5>\n<h5>Folyamatir\u00e1ny\u00edt\u00e1s<\/h5>\n<p style=\"text-align: justify;\">Minden programciklust dokument\u00e1lhat a be\u00e9p\u00edtett h\u00e1l\u00f3zati interf\u00e9szen kereszt\u00fcl vagy digit\u00e1lisan a NitraFlash CF k\u00e1rty\u00e1val. A DAC Premium \/ DAC Premium Plus nemcsak t\u00f6k\u00e9letesen elk\u00e9sz\u00edtett eszk\u00f6z\u00f6ket k\u00edn\u00e1l \u00d6nnek, hanem jogbiztons\u00e1got is ny\u00fajt.<\/p>\n<table>\n<tbody>\n<tr>\n<td style=\"text-align: top;\" width=\"260\"><img loading=\"lazy\" decoding=\"async\" class=\"alignnone size-full wp-image-1287\" src=\"https:\/\/www.fogaszatikeszulek.hu\/wp-content\/uploads\/2018\/03\/1496926639757.png\" alt=\"\" width=\"311\" height=\"187\" srcset=\"https:\/\/www.fogaszatikeszulek.hu\/wp-content\/uploads\/2018\/03\/1496926639757.png 311w, https:\/\/www.fogaszatikeszulek.hu\/wp-content\/uploads\/2018\/03\/1496926639757-300x180.png 300w, https:\/\/www.fogaszatikeszulek.hu\/wp-content\/uploads\/2018\/03\/1496926639757-230x138.png 230w\" sizes=\"auto, (max-width: 311px) 100vw, 311px\" \/><\/td>\n<td width=\"10\">&nbsp;<\/td>\n<td style=\"text-align: top;\" width=\"400\">\n<p style=\"text-align: left;\"><strong>NitraPrint: log nyomtat\u00f3<\/strong><br \/>\nA nyomtat\u00f3 a k\u00f6vetkez\u0151 adatokat r\u00f6gz\u00edti:<\/p>\n<ul>\n<li style=\"text-align: left;\">kiv\u00e1lasztott program<br \/>\nd\u00e1tum, id\u0151, aktu\u00e1lis t\u00e9tel sz\u00e1ma<\/li>\n<li style=\"text-align: left;\">a t\u00e9nyleges v\u00e1kuum-, nyom\u00e1s- \u00e9s h\u0151m\u00e9rs\u00e9klet\u00e9rt\u00e9kek<\/li>\n<li style=\"text-align: left;\">a sikeres program befejez\u00e9s\u00e9nek meger\u0151s\u00edt\u00e9se<\/li>\n<li style=\"text-align: left;\">b\u00e1rmely megengedhetetlen elt\u00e9r\u00e9s<\/li>\n<\/ul>\n<\/td>\n<\/tr>\n<tr>\n<td style=\"text-align: top;\" width=\"260\"><img loading=\"lazy\" decoding=\"async\" class=\"alignnone size-full wp-image-1297\" src=\"https:\/\/www.fogaszatikeszulek.hu\/wp-content\/uploads\/2018\/03\/1496924871944.png\" alt=\"\" width=\"311\" height=\"187\" srcset=\"https:\/\/www.fogaszatikeszulek.hu\/wp-content\/uploads\/2018\/03\/1496924871944.png 311w, https:\/\/www.fogaszatikeszulek.hu\/wp-content\/uploads\/2018\/03\/1496924871944-300x180.png 300w, https:\/\/www.fogaszatikeszulek.hu\/wp-content\/uploads\/2018\/03\/1496924871944-230x138.png 230w\" sizes=\"auto, (max-width: 311px) 100vw, 311px\" \/><\/td>\n<td width=\"10\">&nbsp;<\/td>\n<td style=\"text-align: top;\" width=\"400\">\n<p style=\"text-align: left;\"><strong>NitraFlash CF k\u00e1rtya<\/strong><\/p>\n<p style=\"text-align: justify;\">Az adatokat a CF k\u00e1rty\u00e1n t\u00e1rolj\u00e1k, \u00e9s &#8211; k\u00e1rytaolvas\u00f3val &#8211; t\u00e1rolhat\u00f3k vagy nyomtathat\u00f3k asztali sz\u00e1mol\u00f3g\u00e9ppel vagy sz\u00f6vegszerkeszt\u0151 programmal.&nbsp;<\/p>\n<\/td>\n<\/tr>\n<\/tbody>\n<\/table>\n<p>&nbsp;<br \/>\n&nbsp;<\/p>\n<h5>Let\u00f6lthet\u0151 dokumentumok<\/h5>\n<ul>\n<li><a href=\"https:\/\/www.fogaszatikeszulek.hu\/wp-content\/uploads\/pdf\/higienia.pdf\" target=\"_blank\" rel=\"noopener\">Higi\u00e9niai inform\u00e1ci\u00f3k prospektus (angol nyelv\u0171)<\/a><\/li>\n<\/ul>\n<p>&nbsp;<\/p>\n","protected":false},"excerpt":{"rendered":"<p>Min\u0151s\u00e9gi befektet\u00e9s F\u00fcggetlen\u00fcl att\u00f3l, hogy melyik kamra m\u00e9retet v\u00e1lasztja, a DAC Professional autokl\u00e1vokkal biztons\u00e1gos befektet\u00e9st tehet. A n\u00e9metorsz\u00e1gi gy\u00e1rt\u00e1s, a tan\u00fas\u00edtott gy\u00e1rt\u00e1si szabv\u00e1nyok \u00e9s a rozsdamentes ac\u00e9lb\u00f3l k\u00e9sz\u00fclt kamra garant\u00e1lja, hogy az eszk\u00f6z\u00f6k kiv\u00e1l\u00f3 min\u0151s\u00e9g\u0171ek \u00e9s hossz\u00fa \u00e9lettartam\u00faak. &nbsp; Haszn\u00e1lja ki sz\u00e1mos k\u00e9nyelmi funkci\u00f3j\u00e1t Kompakt megold\u00e1s be\u00e9p\u00edtett \u00e9desv\u00edzzel \u00e9s szennyv\u00edz tart\u00e1llyal Az egyszer\u0171 kezelhet\u0151s\u00e9g minimaliz\u00e1lja [&hellip;]<\/p>\n","protected":false},"author":1,"featured_media":0,"parent":0,"menu_order":0,"comment_status":"closed","ping_status":"closed","template":"","meta":{"ngg_post_thumbnail":0,"footnotes":""},"class_list":["post-1296","page","type-page","status-publish","hentry"],"_links":{"self":[{"href":"https:\/\/www.fogaszatikeszulek.hu\/index.php\/wp-json\/wp\/v2\/pages\/1296","targetHints":{"allow":["GET"]}}],"collection":[{"href":"https:\/\/www.fogaszatikeszulek.hu\/index.php\/wp-json\/wp\/v2\/pages"}],"about":[{"href":"https:\/\/www.fogaszatikeszulek.hu\/index.php\/wp-json\/wp\/v2\/types\/page"}],"author":[{"embeddable":true,"href":"https:\/\/www.fogaszatikeszulek.hu\/index.php\/wp-json\/wp\/v2\/users\/1"}],"replies":[{"embeddable":true,"href":"https:\/\/www.fogaszatikeszulek.hu\/index.php\/wp-json\/wp\/v2\/comments?post=1296"}],"version-history":[{"count":2,"href":"https:\/\/www.fogaszatikeszulek.hu\/index.php\/wp-json\/wp\/v2\/pages\/1296\/revisions"}],"predecessor-version":[{"id":1299,"href":"https:\/\/www.fogaszatikeszulek.hu\/index.php\/wp-json\/wp\/v2\/pages\/1296\/revisions\/1299"}],"wp:attachment":[{"href":"https:\/\/www.fogaszatikeszulek.hu\/index.php\/wp-json\/wp\/v2\/media?parent=1296"}],"curies":[{"name":"wp","href":"https:\/\/api.w.org\/{rel}","templated":true}]}}