{"id":1147,"date":"2018-03-21T14:00:48","date_gmt":"2018-03-21T14:00:48","guid":{"rendered":"http:\/\/www.fogaszatikeszulek.hu\/?page_id=1147"},"modified":"2019-03-07T13:11:03","modified_gmt":"2019-03-07T13:11:03","slug":"intraoral-psp-szkenner","status":"publish","type":"page","link":"https:\/\/www.fogaszatikeszulek.hu\/index.php\/intraoral-psp-szkenner\/","title":{"rendered":"Intraoral PSP szkenner"},"content":{"rendered":"<h5>Xios Scan<\/h5>\n<p style=\"text-align: justify;\"><img loading=\"lazy\" decoding=\"async\" class=\"alignleft wp-image-1148\" src=\"https:\/\/www.fogaszatikeszulek.hu\/wp-content\/uploads\/2018\/03\/1489226160876-1.png\" alt=\"\" width=\"460\" height=\"329\" srcset=\"https:\/\/www.fogaszatikeszulek.hu\/wp-content\/uploads\/2018\/03\/1489226160876-1.png 525w, https:\/\/www.fogaszatikeszulek.hu\/wp-content\/uploads\/2018\/03\/1489226160876-1-300x214.png 300w, https:\/\/www.fogaszatikeszulek.hu\/wp-content\/uploads\/2018\/03\/1489226160876-1-230x164.png 230w, https:\/\/www.fogaszatikeszulek.hu\/wp-content\/uploads\/2018\/03\/1489226160876-1-350x250.png 350w, https:\/\/www.fogaszatikeszulek.hu\/wp-content\/uploads\/2018\/03\/1489226160876-1-480x343.png 480w\" sizes=\"auto, (max-width: 460px) 100vw, 460px\" \/> <strong>Kis v\u00e1ltoz\u00e1s. Nagy hat\u00e1s.<\/strong><\/p>\n<p style=\"text-align: justify;\">A Xios Scan k\u00f6nny\u0171 bevezet\u00e9st jelent a digit\u00e1lis r\u00f6ntgenfelv\u00e9tel vil\u00e1g\u00e1ba. Ha filmr\u0151l digit\u00e1lisra szeretne v\u00e1ltani an\u00e9lk\u00fcl, hogy fel kellene adnia a kipr\u00f3b\u00e1lt \u00e9s bev\u00e1lt munkam\u00f3dszereit, a k\u00e9palkot\u00f3 lemezek technol\u00f3gi\u00e1ja sz\u00e1mtalan lehet\u0151s\u00e9get k\u00edn\u00e1l. A digit\u00e1lis k\u00e9palkot\u00e1s sz\u00e1mos el\u0151ny\u00e9t a s\u00f6t\u00e9tkamra \u00e9s vegyi anyagok n\u00e9lk\u00fcl is megtapasztalhatja, mik\u00f6zben a fogorvos \u00e9s az asszisztensek folytathatj\u00e1k megszokott munkamenet\u00fcket.<\/p>\n<p style=\"text-align: justify;\">&nbsp;<\/p>\n<p>&nbsp;<\/p>\n<h5>El\u0151ny\u00f6k<\/h5>\n<ul>\n<li style=\"text-align: justify;\">Kiemelked\u0151 k\u00e9pmin\u0151s\u00e9g a hat\u00e9kony diagn\u00f3zis \u00e9rdek\u00e9ben<br \/>\nA Xios Scan speci\u00e1lisan a szkennerhez tervezett lemezekkel m\u0171k\u00f6dik, 22 lp\/mm felbont\u00e1ssal.<\/li>\n<li style=\"text-align: justify;\">Karcmentes letapogat\u00e1s a reproduk\u00e1lhat\u00f3 k\u00e9pmin\u0151s\u00e9g \u00e9rdek\u00e9ben<br \/>\nA karcol\u00f3d\u00e1s mentes lemezzel jobb diagn\u00f3zist \u00e9rhet el, m\u00e9g \u00e1lland\u00f3 haszn\u00e1lat eset\u00e9n is.<\/li>\n<li style=\"text-align: justify;\">Intelligens szoftver integr\u00e1ci\u00f3 a k\u00f6nny\u0171 haszn\u00e1lhat\u00f3s\u00e1g \u00e9rdek\u00e9ben<br \/>\nMinden relev\u00e1ns be\u00e1ll\u00edt\u00e1st el\u0151sz\u00f6r a Sidexis 4-ben hajtanak v\u00e9gre, maga a beolvas\u00e1si folyamat automatikusan elindul, amikor a k\u00e9palkot\u00f3 lemez a szkennerbe ker\u00fcl.<\/li>\n<li style=\"text-align: justify;\">Kipr\u00f3b\u00e1lt \u00e9s tesztelt min\u0151s\u00e9g, okos diz\u00e1jn<br \/>\nN\u00e9met gy\u00e1rtm\u00e1ny\u00fa min\u0151s\u00e9get \u00e9s kompakt kialak\u00edt\u00e1s, kis helyen is elf\u00e9r.<\/li>\n<\/ul>\n<p>&nbsp;<\/p>\n<h5>A legjobb digit\u00e1lis k\u00e9pmin\u0151s\u00e9g \u00e9s a legegyszer\u0171bb munkafolyamat<\/h5>\n<p style=\"text-align: justify;\">A Xios Scan legfeljebb 22 lp\/mm elm\u00e9leti felbont\u00e1sban m\u0171k\u00f6dik. Az eredm\u00e9ny rendk\u00edv\u00fcl \u00e9les \u00e9s r\u00e9szletgazdag k\u00e9pek &#8211; a pontos diagn\u00f3zis ide\u00e1lis felt\u00e9telei. A k\u00e9peket k\u00f6zvetlen\u00fcl a Sidexis 4 szoftverhez tov\u00e1bb\u00edtj\u00e1k, ahol lehet\u0151s\u00e9g van tov\u00e1bb \u00e9rt\u00e9kelni \u00e9s diagnosztiz\u00e1lni. A szoftver egyszer\u0171 vez\u00e9rl\u00e9s\u00e9vel a r\u00f6ntgen k\u00e9s\u0151bbi szerkeszt\u00e9shez (\u00e9less\u00e9g, f\u00e9nyer\u0151, kontraszt) egyszer\u0171en megjelen\u00edthet\u0151.<\/p>\n<iframe loading=\"lazy\"  id=\"_ytid_48300\"  width=\"1170\" height=\"658\"  data-origwidth=\"1170\" data-origheight=\"658\" src=\"https:\/\/www.youtube.com\/embed\/VQ_7FhYqVd8?enablejsapi=1&autoplay=0&cc_load_policy=0&cc_lang_pref=&iv_load_policy=1&loop=0&rel=1&fs=1&playsinline=0&autohide=2&theme=dark&color=red&controls=1&disablekb=0&\" class=\"__youtube_prefs__  no-lazyload\" title=\"YouTube player\"  allow=\"fullscreen; accelerometer; autoplay; clipboard-write; encrypted-media; gyroscope; picture-in-picture; web-share\" referrerpolicy=\"strict-origin-when-cross-origin\" allowfullscreen data-no-lazy=\"1\" data-skipgform_ajax_framebjll=\"\"><\/iframe>\n<h5>&nbsp;<\/h5>\n<p><strong>A Xios Scan haszn\u00e1lata nagyon egyszer\u0171, j\u00f3l \u00e1tgondolt rndszer\u00e9nek k\u00f6sz\u00f6nhet\u0151en.<\/strong><\/p>\n<p>Minden&nbsp; be\u00e1ll\u00edt\u00e1st el\u0151sz\u00f6r a Sidexis 4-ben hajtanak v\u00e9gre, maga a beolvas\u00e1si folyamat automatikusan elindul, amikor a k\u00e9palkot\u00f3 lemez a szkennerbe ker\u00fcl. Ha a k\u00e9palkot\u00f3 lemez v\u00e9letlen\u00fcl helytelen\u00fcl van behelyezve a szkennerbe, a szkenner automatikusan \u00e9szleli ezt, \u00e9s nem t\u00f6rt\u00e9nik felv\u00e9tel. Ez seg\u00edt elker\u00fclni a felesleges \u00fajrafelv\u00e9telt.<\/p>\n<p style=\"text-align: left;\">A lemezbehelyez\u00e9s mechanizmust \u00fagy tervezt\u00e9k meg, hogy a k\u00e9palkot\u00f3 lemezek ne legyenek terhel\u00e9s alatt. Maga a beolvas\u00e1si folyamat sor\u00e1n a l\u00e9zeralap\u00fa beolvas\u00e1si folyamat megakad\u00e1lyozza a semmib\u0151l t\u00f6rt\u00e9n\u0151 semmiv\u00e9 v\u00e1l\u00e1st. \u00cdgy a lemezek rendk\u00edv\u00fcl hossz\u00fa \u00e9lettartam\u00faak &#8211; az optim\u00e1lis k\u00e9pmin\u0151s\u00e9g \u00e9s a kev\u00e9sb\u00e9 lemezes megrendel\u00e9sek ak\u00e1r \u00e1lland\u00f3 haszn\u00e1lat mellett is.<\/p>\n<p><strong>A legt\u00f6bb higi\u00e9n\u00e9s munkafolyamat<\/strong><\/p>\n<p style=\"text-align: left;\">A lap behelyez\u00e9se a szkennerbe, a munkafolyamat egyszer\u0171 \u00e9s higi\u00e9nikus. Nincs kapcsolat a haszn\u00e1lt higi\u00e9nikus h\u00fcvely \u00e9s az adagol\u00f3t\u00e1lca k\u00f6z\u00f6tt. \u00c9s maga az egys\u00e9g \u00fagy lett tervezve, hogy k\u00fcl\u00f6n\u00f6sen k\u00f6nnyen tiszt\u00edthat\u00f3 legyen (nincs \u00fcreg, nincs lyuk).<\/p>\n<iframe loading=\"lazy\"  id=\"_ytid_43860\"  width=\"1170\" height=\"658\"  data-origwidth=\"1170\" data-origheight=\"658\" src=\"https:\/\/www.youtube.com\/embed\/OwzuA9YkPDE?enablejsapi=1&autoplay=0&cc_load_policy=0&cc_lang_pref=&iv_load_policy=1&loop=0&rel=1&fs=1&playsinline=0&autohide=2&theme=dark&color=red&controls=1&disablekb=0&\" class=\"__youtube_prefs__  no-lazyload\" title=\"YouTube player\"  allow=\"fullscreen; accelerometer; autoplay; clipboard-write; encrypted-media; gyroscope; picture-in-picture; web-share\" referrerpolicy=\"strict-origin-when-cross-origin\" allowfullscreen data-no-lazy=\"1\" data-skipgform_ajax_framebjll=\"\"><\/iframe>\n<p>&nbsp;<\/p>\n<h5>&nbsp;<\/h5>\n<h5>Gal\u00e9ria<\/h5>\nngg_shortcode_0_placeholder\n<h5>Let\u00f6lthet\u0151 dokumentumok<\/h5>\n<ul>\n<li>3D r\u00f6ntgen csal\u00e1d prospektus (angol nyelv\u0171)<\/li>\n<\/ul>\n","protected":false},"excerpt":{"rendered":"<p>Xios Scan Kis v\u00e1ltoz\u00e1s. Nagy hat\u00e1s. A Xios Scan k\u00f6nny\u0171 bevezet\u00e9st jelent a digit\u00e1lis r\u00f6ntgenfelv\u00e9tel vil\u00e1g\u00e1ba. Ha filmr\u0151l digit\u00e1lisra szeretne v\u00e1ltani an\u00e9lk\u00fcl, hogy fel kellene adnia a kipr\u00f3b\u00e1lt \u00e9s bev\u00e1lt munkam\u00f3dszereit, a k\u00e9palkot\u00f3 lemezek technol\u00f3gi\u00e1ja sz\u00e1mtalan lehet\u0151s\u00e9get k\u00edn\u00e1l. A digit\u00e1lis k\u00e9palkot\u00e1s sz\u00e1mos el\u0151ny\u00e9t a s\u00f6t\u00e9tkamra \u00e9s vegyi anyagok n\u00e9lk\u00fcl is megtapasztalhatja, mik\u00f6zben a fogorvos \u00e9s [&hellip;]<\/p>\n","protected":false},"author":1,"featured_media":0,"parent":0,"menu_order":0,"comment_status":"closed","ping_status":"closed","template":"","meta":{"ngg_post_thumbnail":0,"footnotes":""},"class_list":["post-1147","page","type-page","status-publish","hentry"],"_links":{"self":[{"href":"https:\/\/www.fogaszatikeszulek.hu\/index.php\/wp-json\/wp\/v2\/pages\/1147","targetHints":{"allow":["GET"]}}],"collection":[{"href":"https:\/\/www.fogaszatikeszulek.hu\/index.php\/wp-json\/wp\/v2\/pages"}],"about":[{"href":"https:\/\/www.fogaszatikeszulek.hu\/index.php\/wp-json\/wp\/v2\/types\/page"}],"author":[{"embeddable":true,"href":"https:\/\/www.fogaszatikeszulek.hu\/index.php\/wp-json\/wp\/v2\/users\/1"}],"replies":[{"embeddable":true,"href":"https:\/\/www.fogaszatikeszulek.hu\/index.php\/wp-json\/wp\/v2\/comments?post=1147"}],"version-history":[{"count":12,"href":"https:\/\/www.fogaszatikeszulek.hu\/index.php\/wp-json\/wp\/v2\/pages\/1147\/revisions"}],"predecessor-version":[{"id":1620,"href":"https:\/\/www.fogaszatikeszulek.hu\/index.php\/wp-json\/wp\/v2\/pages\/1147\/revisions\/1620"}],"wp:attachment":[{"href":"https:\/\/www.fogaszatikeszulek.hu\/index.php\/wp-json\/wp\/v2\/media?parent=1147"}],"curies":[{"name":"wp","href":"https:\/\/api.w.org\/{rel}","templated":true}]}}